 + 14 + 0 = 0, c - 3*t = -7. Let y(h) = 8*h**3 + h**2 + 2*h + 1. Calculate y(c).
-8
Let n(b) = 588 + 10*b - 10*b**2 - 1169 + b**3 + 582. What is n(9)?
10
Let s(y) be the first derivative of y**4/4 - y**3/3 - y**2/2 + 4*y - 4466. Suppose -4*o - o - 3*g = -9, 0 = -o + g - 3. Calculate s(o).
4
Suppose c = 2*c - 3. Let w(b) = -7*b**2 + 9*b + 7. Let f(l) = 3*l**2 - 4*l - 3. Let d be -1*6*5/15. Let u(m) = d*w(m) - 5*f(m). Calculate u(c).
-2
Let x(u) = -u**3 - 2*u**2 + 6*u + 1. Let s(m) = 3*m**2 - 24*m - 4. Let v be s(8). Give x(v).
9
Let l(b) = b**3 - 3 + 9*b**2 - 3*b + 0 + 2*b + 3*b + 8*b. Give l(-7).
25
Let w(k) = 3*k**2 - 56 + 22 + 4*k + 32 - k**3. Calculate w(3).
10
Let q be 15/10*4/3. Let r(n) = n**q + n**2 - 3*n**2 - 4*n. Suppose y = 5*u + 35, -5*u + 4*y - 73 = -23. Calculate r(u).
-12
Let c(b) = 137*b - 685. Let n be c(5). Let p(s) be the first derivative of -2/3*s**3 - 10 + 0*s**2 + n*s. What is p(-3)?
-18
Let m(i) = 3*i - 17. Let s be m(11). Suppose -s = -5*k + 9. Suppose k*y + 22 = 2*a, 4*y = 4*a - 3*a - 17. Let o(r) = -2*r**2 + 2*r - 1. Determine o(a).
-1
Let i(t) = -2*t**3 + t**2 - t. Suppose -8 = -10*a + 12*a. Let z = a - -5. Suppose -o = -2*o + z. Calculate i(o).
-2
Let f(p) = -5*p**2 + 131*p**3 - 14*p + 16*p - 130*p**3 + 1. Determine f(5).
11
Let o(a) be the third derivative of -a**4/24 + a**3/2 + a**2. Let t(j) = j**3 + 5*j**2 + j + 1. Let s be t(-5). Give o(s).
7
Let j(y) = -3*y - 11. Let k be -2 - (1 + 6 + -6). What is j(k)?
-2
Let t(w) = -4*w**3 + 45*w - 10*w**2 - 6 - 2*w**3 + 5*w**3 - 50*w + 3*w**2. Calculate t(-6).
-12
Let r(n) = -n + 1. Let v be (-38)/(-14) + (-4)/(-14). Suppose 3*b + 15 = v. Give r(b).
5
Let c(k) be the first derivative of k**4/4 - 5*k**3/3 + k**2 - 2*k + 124. Determine c(4).
-10
Let o(w) be the second derivative of -w**3/6 + 5*w**2/2 + 2*w - 42. Let f be 9/(-6) + 6/(-4). Let d(a) = -a + 4. Let q be d(f). Give o(q).
-2
Let m(k) be the second derivative of -k**4/12 + 5*k**3/6 + 3*k**2 + 75*k. Give m(-2).
-8
Let z(w) = -20*w**3 + 75*w**2 - 69*w - 49. Let b(g) = -7*g**3 + 25*g**2 - 23*g - 16. Let k(s) = -17*b(s) + 6*z(s). Determine k(24).
2
Suppose -3*i + m + 4 = 0, 4*i - 6*m + m = -13. Suppose 14 = i*a + 5. Let s(t) = 2 + 8*t - 3*t - 5. Determine s(a).
12
Let d(b) = b**2 - b - 5. Suppose -2*a - 11 = -3*i + 2, -4*a + 2*i = 30. Let o = a + 13. Calculate d(o).
15
Let s = 681 - 690. Let q(k) = -k**2 - 8*k + 5. Give q(s).
-4
Let w be (-20)/25*15/6. Let g be 2 + -2 - 2/w. Let j(q) = 6*q - 1. Determine j(g).
5
Let z(h) = 7*h - 4. Let w(t) = 15*t - 10. Let b(s) = -2*w(s) + 5*z(s). What is b(1)?
5
Let x(i) be the second derivative of -i**4/6 + 25*i**3/6 - 5*i**2 - 14*i. Let k be x(12). Let l(y) = -3*y**3 + 3*y**2 - y + 2. What is l(k)?
-12
Let q(c) be the second derivative of -1/20*c**5 + 2*c**2 - 6*c + 0 + 1/2*c**3 + 1/6*c**4. Calculate q(3).
4
Let o(w) = -9*w**2 - w - 7*w**2 + 17*w**2 + 16. What is o(0)?
16
Let z(b) be the second derivative of -b**4/12 + 3*b**3/2 + 9*b**2/2 - 56*b. Give z(9).
9
Let w(y) be the first derivative of y**4/4 - 2*y**3 + 3*y**2 + 7*y - 64. What is w(5)?
12
Let o(h) be the third derivative of -h**5/60 + 5*h**4/12 - 5*h**3/2 - 326*h**2. Give o(10).
-15
Let i(k) = -1770*k**2 + 3*k + 3554*k**2 - 1776*k**2. Calculate i(-2).
26
Let a(h) = -2*h + 1. Let x(t) = t**2 - 5*t + 3. Let m(k) = a(k) - x(k). Calculate m(2).
0
Suppose 171 = 179*i - 198*i. Let y(a) = 5*a + 26. Give y(i).
-19
Let y be (-1 - 1/1) + -3. Let h(c) = -10*c + 14. Let a(r) = 7*r - 9. Let g(x) = y*h(x) - 7*a(x). Suppose -15 = -3*l, -2*l = -3*s + 4*s - 15. Determine g(s).
-2
Let d(g) = -g - 1. Let y = 66 - 51. Suppose 20*j + y = 15*j. Determine d(j).
2
Let k = 6 + -2. Let t(l) be the third derivative of -l**5/60 + l**4/8 - 34*l**2. Let w be t(k). Let h(y) = -y - 3. Calculate h(w).
1
Let i(q) = -q. Let k be i(-3). Let s(w) = -2 + 2*w - 4*w**2 - 8*w**k + 6*w**3 + 3*w**3. What is s(4)?
6
Let r(g) = g**2 - g - 42. Let d be r(7). Let o be 2/4*(3 + -1). Let k(y) = -4 - o + 3 - y**2. Give k(d).
-2
Let v be (-10)/(-15) + 34/(-6) + -1. Let o be (1 - 0/2) + v + 1. Let u(q) = -q**3 - 4*q**2 - q + 1. What is u(o)?
5
Let j(k) = 34*k**2 - k + 13. Let a(o) = 11*o**2 + 4. Let y(m) = 7*a(m) - 2*j(m). Let q(u) = 9*u**2 + 3*u + 3. Let v(r) = 3*q(r) - 4*y(r). Determine v(-1).
-9
Let f(q) = 3*q + 11. Let k be 4/(-12)*3 + 7. Let a(r) be the second derivative of r**3/6 + 2*r**2 + 3*r. Let l(v) = k*f(v) - 17*a(v). Calculate l(4).
2
Let j(a) = 4*a**2 - 11*a + 32. Let v(r) = 3*r**2 - 10*r + 30. Let w(i) = -4*j(i) + 5*v(i). Let f(h) be the first derivative of w(h). Give f(-9).
12
Let x(c) be the third derivative of -c**6/120 - 4*c**5/15 - 2*c**4/3 - 17*c**3/6 + 5*c**2 - 53. Give x(-15).
-2
Suppose 0*w - 5*y = -3*w + 2, -1 = y. Let x(h) be the second derivative of -1/2*h**2 + 5*h + 0 - 7/6*h**3. Give x(w).
6
Let t(j) = j**3 + 2*j**2 - 3*j - 1. Let k be t(-4). Let u be 3/21 + (-249)/k. Let m(p) = 2*p - 6 + u - 2. Calculate m(-5).
-6
Let p(s) be the second derivative of s**5/20 + 7*s**4/12 + 7*s**2/2 + 158*s. Suppose 0 = -d + 12 - 5. Suppose 7 = -d*i + 6*i. What is p(i)?
7
Suppose -34*i = -32*i - 2. Let t be 1 + 1 + i + (-3)/1. Let b(c) = -c**2 - 6. What is b(t)?
-6
Let w(q) = 2*q - 8. Let x(a) = a - 1. Let v(k) = w(k) - 4*x(k). Determine v(-9).
14
Let b(l) be the third derivative of -l**5/60 - l**4/4 - l**3/3 - 156*l**2. What is b(-7)?
-9
Let v(u) = 95*u - u**2 + 12 + 82*u - 191*u. What is v(-15)?
-3
Let a = -264 - -259. Let u(d) be the third derivative of -d**6/120 - d**5/10 - 5*d**4/24 + d**3/2 - 2*d**2. What is u(a)?
3
Let k(x) be the third derivative of -x**6/120 - 3*x**5/20 - x**3 + x**2. Let w be (-3)/(72/(-126) - 38/(-42)). Determine k(w).
-6
Let o(q) = -105*q + 523. Let p be o(5). Let x(f) = f - 2. Determine x(p).
-4
Let y = 76 - 83. Let a(w) = -w**2 - 5*w + 5. Determine a(y).
-9
Let t(s) = -2*s + 7. Let o be 165/(-275)*(0 + -5). Determine t(o).
1
Let a(m) = -m**2 - 4*m + 17. Let t be a(-6). Let u(d) be the first derivative of 1/4*d**4 - 4/3*d**3 + 3/2*d**2 + t + 2*d. Calculate u(3).
2
Suppose -2*g = -7*g + 225. Let q = 29 - g. Let r = -14 - q. Let x(d) = d**3 - 3*d**2 - 1. Calculate x(r).
-5
Let m(q) be the second derivative of q**5/60 + q**4/12 - 2*q**3/3 - 6*q**2 - 9*q. Let p(f) be the first derivative of m(f). What is p(3)?
11
Let o(y) = y**2 - 6*y + 2. Suppose -h = -4 + 2. Suppose h*n - c = -2*c + 2, -17 = n + 5*c. Suppose -n = -3*k + 2*k. Determine o(k).
-7
Let w(r) be the second derivative of -r**5/4 + r**3/3 - r**2/2 + 4*r. Let i be (-32)/16*1/(-2). Determine w(i).
-4
Suppose -12 - 18 = 5*j. Let v(p) be the first derivative of 7*p + 1/2*p**2 + 3. Give v(j).
1
Let r be -1 + (1 - 0)*3. Suppose 0 = -3*g - r*g - 20. Let t(i) = -1 - 399*i - 3 + 140*i + 257*i. Calculate t(g).
4
Suppose 22*m = -17*m + 390. Let b(c) = c - 15. Calculate b(m).
-5
Let y(b) = 2*b - 6. Suppose 3*j = -5*p - 11, 3*j - 4*p = 5 + 20. Calculate y(j).
0
Let l(t) = -6*t**2 + 6*t + 11. Let q(a) = a**2 - 2*a - 2. Let u(z) = -l(z) - 5*q(z). What is u(-6)?
11
Suppose -2*x = -5*x - 39. Let b be 14/(-91) - 54/x. Let g(c) = -5*c - 1 + 9 + b*c - 3. Determine g(-6).
11
Let a(s) be the third derivative of -s**7/840 + s**6/72 + s**5/60 - s**4/12 + 3*s**3 - 14*s**2. Let o(f) be the first derivative of a(f). What is o(5)?
8
Let c be ((-4)/10)/((-4)/(-140)). Let z = c - -11. Let b(d) = d**2 + 3*d + 4. Give b(z).
4
Let f(a) be the first derivative of -a**3/3 - 4*a**2 - 7*a + 2. Suppose 0 = -4*n - 0*n, -t - 2*n = 5. Determine f(t).
8
Let r(n) = -16*n + 47. Let m(l) = 9*l + 45. Let g(p) = 2*p + 9. Let v(b) = 24*g(b) - 5*m(b). Let f(q) = -2*r(q) - 11*v(q). Calculate f(6).
-1
Let d = -1125 + 1131. Suppose 0 = r - 3*r - m + 9, 0 = 4*r - 5*m + 3. Let t(j) = 4 + 7*j**2 - 3*j**2 - 7*j - j**3 + r*j**2. Determine t(d).
-2
Suppose 9*m = 5*m - 16. Let n be 0 + (-2)/m*4. Let r(o) = 4*o**n - 4*o + 2 + 6*o + o**3 + 3*o**3 - 3*o**3. Calculate r(-3).
5
Let t(h) be the first derivative of -h**3/3 + h**2 + 2*h - 1. Let m(d) = -d**2 - 12*d + 20. Let l be m(-15). Let z = 27 + l. Determine t(z).
2
Let x(y) = y - 1. Let f(v) = v**2 - 7*v - 16. Let t be f(7). Let k be -4*1*t/32. Give x(k).
1
Let o(a) = a**3 + 8*a**2 + 2*a + 9. Let f(i) = i**2 + 1. Let y(v) = -6*f(v) + o(v). Suppose -13*u = 3*h - 11*u + 9, 5*u - 3 = h. 